t is c(r)?
5
Let p = 6753 - 6749. Let j(i) = i**3 - 4*i**2 + 7*i - 34. Give j(p).
-6
Let n(d) = d**2 - 11*d - 10. Let j = 190 - 501. Let z = -298 - j. Determine n(z).
16
Suppose 2287 = 36*r + 379. Suppose -203 + r = 25*k. Let z(p) = -p**3 - 6*p**2 - 2*p - 1. Give z(k).
11
Let w(x) = -x**2 + 3*x. Let j be (32/10*(3 - 8))/1. Let z be 12/j + (-150)/(-40). What is w(z)?
0
Let y(b) = -59*b**3 - 5*b**2 + 3*b**2 - 2*b - 1 + 1 + 3 + 61*b**3. Let t = -10 + 14. Let q be t/(-2) + 2 + 2. What is y(q)?
7
Let j(n) be the third derivative of n**5/60 - 5*n**4/24 - 2*n**3/3 - 15*n**2 + 208*n. Let l = 2 + -1. Let f be l*3/(1/(-1)). What is j(f)?
20
Suppose -62 = 6*a + 34. Let f be -3 - (-20)/6 - a/24. Let b(j) = -j - 1. Let i(y) = -13*y - 3. Let r(u) = 4*b(u) - i(u). Give r(f).
8
Let t(n) be the first derivative of -3*n**4/4 + n**2/2 + 3*n - 629. Give t(3).
-75
Suppose j + 5 = 0, -2*j - 19 + 12 = t. Let v(c) = 3 - 10*c - t - 5*c + 12*c + 4. Determine v(7).
-17
Suppose 49*j - 57*j + 488 = 0. Suppose -2*l + j - 21 = 0. Let m(n) = n**3 - 19*n**2 - 19*n - 15. Give m(l).
5
Let m(c) be the first derivative of -7*c**3/3 - c**2/2 - c - 2. Suppose 52*l + 492 = 48*l. Let v = l - -122. Calculate m(v).
-7
Suppose 2*d + 9 = 3. Let m(b) = 252313*b - 252317*b + 2 - 6*b**2 - 1. Determine m(d).
-41
Let l(g) = g**3 - g**2 - 1. Let v(a) = -12*a**3 + 8*a**2 + 5*a + 6. Let x(q) = -11*l(q) - v(q). What is x(2)?
15
Suppose 3*c - 3*h + h = 4, c - 4*h + 2 = 0. Let z(r) = -6*r**3 + 665*r - 330*r + 1 + r**c - 336*r. Give z(1).
-5
Suppose 4*t + 17 = -23. Let q be t/(-7)*63/9. Let m(h) = -3 + q*h + h**2 - 3*h + 6. What is m(-5)?
-7
Let p be 14 - ((2 - 8) + 13). Let x(l) = 113 + l - 7*l**2 - l**3 - 104 + 7*l**2 + 7*l**2. Calculate x(p).
16
Let s be ((-30)/45)/(4/(-126)). Let q be 25/15 - (s/(-9))/7. Let n(k) = 7*k**2 + 2*k - 1. What is n(q)?
31
Let o be (6/(-5))/(4/(-10)). Let f(c) = 1 + 5*c**2 - 5 + 6 + 0 - c**o. Let w be (((-5632)/(-66))/(-32))/(2/(-3)). Give f(w).
18
Let r(g) = -g**2 + 13*g + 46. Suppose 543*x - 1386 + 2265 = 5766. Give r(x).
82
Let j(d) be the third derivative of -d**7/1260 + d**6/240 - 9*d**5/5 - 66*d**2 + 1. Let o(x) be the third derivative of j(x). Give o(-5).
23
Let z = 6 + -40. Let n = z - -37. Let u(h) be the second derivative of 2*h**3/3 + 2*h**2 - 2*h. What is u(n)?
16
Let w(u) be the second derivative of 2*u**2 - 2*u - 8 - 1/6*u**3. Calculate w(2).
2
Suppose -112*s + 106*s = 0. Let c(h) = 607 + s*h - h**2 - 2*h - 605 - 2*h. Suppose -4*r - g = 20, 3*r - g = -5*g - 28. What is c(r)?
2
Let w(i) be the first derivative of 1/3*i**3 + 3*i**2 - 62 - i. What is w(-5)?
-6
Let i be (-14)/56 + 237/132 + (-6)/11. Let g(q) = -q - 2. Determine g(i).
-3
Let v(c) = -2*c**3 + 2*c**2 + 2*c + 1. Let b(f) = -5*f + 5. Let n(j) = -5*j + 4. Suppose 6*t + 25 = 1. Let p(q) = t*n(q) + 5*b(q). Let o be p(2). Give v(o).
3
Let h(p) = -p**3 + 3*p**2 + 4*p - 5. Let a be 6*(-3)/(-45) - (-90)/25. Suppose 0 = -c + 3*g + 19, a*c - 4*g - 24 = 3*c. Calculate h(c).
-5
Let d(a) be the first derivative of 7*a**4/2 + a**2/2 + a - 151. Suppose 2*n - 3*u = -11, 3*n - 4*u + 18 - 3 = 0. Determine d(n).
-14
Let o(z) = -z + 6. Let c = 1 + 4. Suppose 0 = c*g - 10*g + 10. Suppose 4*n + 4 = -2*x + g, 23 = 5*x - 4*n. Calculate o(x).
3
Let d(m) = -m - 3. Let w = 171 - 171. Let q(j) = j**3 - 2*j. Let o be q(w). Determine d(o).
-3
Suppose -7*w + 4*w - 15 = 0. Let l(c) = -128*c + 67*c - 14 - 3 + 59*c. Determine l(w).
-7
Suppose 2*l - r = 2, -5*r + 0*r - 22 = 2*l. Let n(b) be the third derivative of b**6/20 + b**5/60 - b**4/24 - b**3/6 + 83769*b**2. Give n(l).
-5
Let z(j) = -14*j**3 - j**2 - 2*j + 3. Let b be z(1). Let o(h) = h - 47. What is o(b)?
-61
Let v(s) = -3*s - 6. Let b(t) = -t**3 + 6*t**2 + 10*t + 4. Let p be b(6). Let a = -52 + p. Suppose 2*l - 10 = 2*h, 2*l = 3*h - 2*l + a. Calculate v(h).
18
Let h(m) = -7*m - 102. Let g(r) = -4*r - 61. Let z(a) = 5*g(a) - 3*h(a). Suppose 3*w - 1 - 11 = 0, -w = x - 6. Determine z(x).
3
Let u(h) be the second derivative of 0 + 1/3*h**3 + 3*h - 3*h**2. Suppose 3*f = 2*z + 19, 4*z = -4*f + 3 + 9. Determine u(f).
4
Let r(d) = -d**3 - 21*d**2 + 2*d - 8. Let h(a) = -3*a**2 + a - 1. Suppose 0 = -3*m + 2*s + 6 + 4, -3*m + 6 = -3*s. Let k(v) = m*h(v) - r(v). Give k(-3).
-10
Suppose 4 - 5 = 3*a - l, -3 = 5*a - l. Let j(t) be the second derivative of -11*t**5/20 - t**4/12 + t**2/2 - 3*t - 4. Give j(a).
11
Let x(d) = -8*d - 12. Let q = 6857 + -6862. Calculate x(q).
28
Let u(l) = l - 1. Let b(j) = 6*j - 8. Let i(p) = -b(p) + 5*u(p). Let k = 163 - 160. Suppose -7 = -5*d + 4*x + 39, -5*d - k*x + 18 = 0. Calculate i(d).
-3
Let q(w) = w**3 - 6*w**2 + 15*w - 6. Let f(t) = -t**3 + t**2 - 5*t. Let y(a) = 2*f(a) + q(a). Suppose -12 = -i + 6. Suppose 8 = 2*o + i. What is y(o)?
-6
Let p(m) = 8*m + 7. Suppose 52*y = 50*y + 1 + 1. What is p(y)?
15
Let t(u) = 4*u**3 - 4*u**2 - 27*u + 7. Let n(p) = -3*p**3 + 5*p**2 + 14*p - 7. Let h(y) = -3*n(y) - 2*t(y). Give h(4).
7
Let p(x) = -2*x**3 + 4*x**2 + 4. Let m(t) = -11 + 0*t + 0*t + 5*t**3 - 11*t**2. Suppose 57*f + 23 = -148. Let y(z) = f*m(z) - 8*p(z). Give y(-2).
-3
Let g(l) be the second derivative of -7*l**3/6 - 33*l**2/2 + 14776*l. Calculate g(-6).
9
Let n = -1846 + 1853. Let d be (4/5)/((-2)/(-45)). Let b(s) = -n*s - 9*s + d*s. Calculate b(-3).
-6
Let k = -3 - -5. Let m(i) = -i**2 - 11*i - i**3 + 12*i + k*i**3 - 8. Let p(g) = -g**2 + 8*g + 20. Let c be p(10). Determine m(c).
-8
Let f(c) = c**3 - 11*c**2 - 15*c + 17. Let w be f(12). Let x = w - -22. Let h(k) = -k**x - 2 + 2*k + k**2 + 1 + 0 + 2*k**2. Determine h(2).
7
Let g(t) = 3*t - 79. Suppose 192 - 517 = -280*w + 267*w. Calculate g(w).
-4
Let b(p) = p**2 + 3*p + 3. Let x = -341 + 278. Let o be (-1)/3*7/(x/(-81)). What is b(o)?
3
Let q(p) = -7*p**2 + 69*p + 45. Let g(k) = 3*k**2 - 31*k - 22. Let u(y) = 5*g(y) + 2*q(y). Give u(19).
18
Let o(s) = -s**2 - 13*s - 11. Suppose -3*f = 3*v + 13 + 20, v = -18*f - 181. What is o(f)?
19
Let f(x) be the third derivative of -x**5/120 - 2*x**4/3 + 5*x**3 + 9*x**2. Let o(r) be the first derivative of f(r). Determine o(-11).
-5
Let v(x) = -x**2 - 14*x + 12. Suppose 2*k - 3 + 29 = -5*a, -16 = 3*k - 4*a. Give v(k).
60
Suppose 2*j + 12 = -4*j. Let u be 474/54 + j/(-9). Suppose u = -a + 2*a. Let t(w) = -2*w + 8. Give t(a).
-10
Let g(t) = 6*t**2 + 309*t + 741. Let f be g(-49). Let q(r) = 2*r**2 - 6*r - 14. What is q(f)?
22
Let g(k) = -35104*k + 35054*k + 34 - 21 + 26. Determine g(1).
-11
Let d(y) = -5*y + 2*y**2 - 9 + 12 - 4*y**2 + y**3. Suppose 2*q + 4*r - 13 = 45, -5*r = 3*q - 84. Let j = q - 20. Determine d(j).
-3
Let a be (-32)/(-8)*(-2 + -1)/((-33)/(-22)). Let w(c) = -c**3 - 7*c**2 + 4*c - 15. Give w(a).
17
Let c(p) = p**3 + 8*p**2 + 8*p + 4. Suppose 153*s - 1345 = 148*s. Suppose -s = 5*f - 239. Determine c(f).
28
Let f(q) be the second derivative of -q**5/20 - 3*q**4/4 + q**3/6 + 5*q**2 + 3068*q. Let a(s) = -3*s + 6. Let r be a(5). What is f(r)?
1
Let d(l) = -l**2 + l**3 - 2*l**2 + 3 + 8*l**2. Let c(w) = -221*w - 4425. Let m be c(-20). Determine d(m).
3
Let b(c) = 18840088*c - 18840096*c - 30*c**3 - 7 - 3*c**2 + c**2. Calculate b(-1).
29
Let h(i) be the third derivative of i**4/24 - 13*i**3/6 - 761*i**2 + 2*i. Calculate h(4).
-9
Let f(g) be the first derivative of g**4/12 - 2*g**3/3 + 5*g**2/2 - 158*g - 180. Let j(d) be the first derivative of f(d). Determine j(6).
17
Let i = -26 + 32. Let u(g) = i*g - 11*g**3 + 13*g**3 - 4*g + 1 + 2*g**2. Calculate u(-1).
-1
Let u(s) = -34*s + 5*s + 60*s - 34*s + 2. Suppose -4*q - 15 = 5*k, -3*q - 3*k = 2*k + 15. Let c be (q + 2)*10/4. What is u(c)?
-13
Suppose -1048*v = -865*v - 2196. Let a(y) = y**3 - 14*y**2 + 23*y + 1. Give a(v).
-11
Let g(n) = -13*n - 286. Let j be g(-23). Let f(d) = -3*d**2 - 18*d + 2. Let q(p) = -7*p**2 - 37*p + 4. Let l(u) = -9*f(u) + 4*q(u). Give l(j).
11
Let a(f) be the second derivative of f**4/12 + f**3/3 - 3*f**2/2 + 36900*f. Suppose -3*v - 11 = 5*w - v, 2*w = 5*v - 16. Determine a(w).
0
Let k(o) = -14*o + 1 - 3408*o**2 + 3409*o**2 + 6*o. Give k(7).
-6
Let r(z) = -z**2 - 3*z + 21. Let j(s) = -766*s - 6134. Let w be j(-8). What is r(w)?
3
Suppose 0*a + 5*a - 190 = 0. Suppose -a*k + 12 = -34*k. Let d(z) = -15 - z + 37*z**k - 38*z**3 + 2*z. Give d(0).
-15
Let z(p) be the first derivative of 0*